. Suppose 0 = -5*d - 22 + r. Is d a prime number?
False
Let m be (-3)/(-4) + 15/(-20). Suppose -h = -m*h. Suppose -2*j = h, 2*f - 106 - 10 = -j. Is f a composite number?
True
Let y = 7 + -10. Let r(z) = -32*z - 3. Let o be r(y). Suppose 5*g - o = 92. Is g a composite number?
False
Is 0 - (-1)/(4/1492) a prime number?
True
Let m = 2661 + -1376. Is m a prime number?
False
Is ((-381)/6)/(2/(-4)) a prime number?
True
Suppose 3*q - 9 = -3*g - 2*q, 9 = 3*g + q. Suppose -g*y - 2*y + 555 = 0. Is y a prime number?
False
Let k(q) = -q**2 + 9*q - 5. Suppose 9 = -5*z + 49. Let n be k(z). Suppose n*i + 3*m - 195 = 0, 2*m + 209 = 4*i - 63. Is i prime?
True
Let m = -158 - -231. Suppose c - 112 = m. Is c a prime number?
False
Suppose h - 4*h + 24 = -s, 0 = 3*h - 3*s - 30. Let l be h*2/(-8)*-12. Let i = 36 - l. Is i a composite number?
True
Suppose 0 = 3*s - 2*r, s - 6*s - 3*r = -19. Is s/12 + (-5348)/(-24) a prime number?
True
Suppose r - 2*r - 2*b - 1 = 0, 1 = -r + 3*b. Let w = r - -95. Is w composite?
True
Suppose q = -0*q + 3*v + 151, 4*q = -2*v + 674. Suppose 2*p = 4*p - q. Is p composite?
False
Suppose 3*g = -3*z + 7*g + 28, -4*z + 4 = 3*g. Suppose 0*p = -z*p + 120. Suppose -3*h + 27 = -p. Is h prime?
True
Suppose g - 11 = 7. Let r be g/10 - 3/(-15). Is r/6*0 + 21 a composite number?
True
Suppose -4*q + 5 + 7 = 0. Suppose m + q = 7. Suppose x = 7 - m. Is x a composite number?
False
Let o be -4*6*3/(-4). Is (-1)/(-3) - (-1992)/o prime?
False
Let g(n) = -n**2 + 3*n - 6. Let z be g(5). Let a = z + 22. Is a composite?
True
Let a(d) = d + 8. Let c be a(-11). Let x(n) = 4*n - 3. Let o be x(c). Is (1 + (-2)/1)*o composite?
True
Suppose -2*u + 1 = -11. Is (-1935)/(-35) - u/21 a composite number?
True
Let o(g) = 11*g + 24*g + 13*g - 1. Is o(2) a composite number?
True
Let x(j) = -4*j**2 - 6. Let f be x(5). Let b be (-370 + 0)/(1*(1 - 3)). Let i = b + f. Is i a prime number?
True
Suppose 10 = 3*i - 2*a, 0*i - i + 4*a = 0. Suppose -3*l + 30 = -5*m, 20 = 2*l - i*m - 2. Suppose -z + 17 = 2*z + 5*r, -l*z + 47 = -r. Is z a composite number?
True
Suppose -9*i = -4*i. Let n(g) = g**3 + 251. Is n(i) composite?
False
Let p be 0*2/6 - -2. Suppose -3*j = 6, r - 4*j = -7*j + 1. Is 3269/49 + p/r prime?
True
Suppose -3*p - r = -3*r - 97, 0 = -5*p + 2*r + 163. Let u be (8/2)/(6/p). Suppose v - 4 + 1 = 0, u = j - 5*v. Is j composite?
False
Let g(v) be the second derivative of 19*v**6/180 + v**5/120 + v**3/2 - 3*v. Let m(u) be the second derivative of g(u). Is m(-1) prime?
True
Let q(f) = f - 4. Let a be q(4). Suppose -226 = -3*y - 5*c, 3*y - 5*c - 149 - 87 = a. Is y a prime number?
False
Let p = 7 - 4. Suppose 3*f - 23 = -3*u + 40, 3*f + 5*u - 73 = 0. Let m = p + f. Is m composite?
False
Let v = -111 + 190. Is v a prime number?
True
Let t = -4 - -5. Let d(k) = 294*k**2 - 1. Is d(t) composite?
False
Let g = -330 - -871. Is g a prime number?
True
Suppose 0 = 22*o - 21*o - 31. Is o a prime number?
True
Let v(r) = -r**3 - 6*r**2 + 4*r + 1. Let y(k) = -k**3 + k. Let b(q) = -v(q) + 2*y(q). Is b(2) a composite number?
False
Let n(m) = -23 - m**3 + 5 + 39 + m + 34. Is n(0) composite?
True
Suppose k - 5*k = 0. Is -39*(k + -1) - 2 prime?
True
Let o(k) = k + 2. Let a be o(-7). Let l be 2/a + 33/(-5). Let v = l + 41. Is v composite?
True
Suppose 32 = 3*t + 11. Suppose -4*f = p + 9, 5*p - t - 2 = -2*f. Suppose p*g = 17 + 220. Is g a composite number?
False
Let l be (-3)/1*8/(-3). Suppose 8 = -4*i - l. Is 1038/22 + i/22 a prime number?
True
Let u = -8 + 12. Suppose 2*m - u*m + 518 = 0. Is m prime?
False
Let u(h) = 20*h - 6. Is u(7) prime?
False
Let i(x) = x**2 + x + 6. Let h be i(3). Suppose 14 = -v + g, 0 = -2*v - 4*g - g - 7. Let r = h + v. Is r a prime number?
True
Let z = -17 + 15. Is (-160)/(-3) + z/6 prime?
True
Let q(a) = a**3 + 9*a**2 - 10*a - 8. Let o be q(-10). Let w(m) = -m**2 + 4*m - 4. Let u be w(6). Is (-618)/o - (-4)/u prime?
False
Let v(j) = -j + 1. Let w(a) = -30*a - 2. Let y(i) = 3*v(i) + w(i). Is y(-6) a prime number?
True
Suppose 5*k - 2106 = 2*k. Suppose -k - 177 = -3*c. Is c prime?
True
Let h = 6 + -3. Let x be ((-4)/h)/(2/12). Let y(f) = -f**2 - 12*f - 7. Is y(x) a prime number?
False
Is (-397)/(-2)*(4 - 2) a composite number?
False
Let b = -7 - -4. Is 30/b*51/(-6) a composite number?
True
Let p = -3052 - -4926. Is p prime?
False
Suppose -34*t = -35*t + 253. Is t prime?
False
Let p = -316 - -536. Let t = p + -129. Is t prime?
False
Suppose 2*c = 6*c - 20. Suppose 0 = -3*d + c*d - 30. Is d composite?
True
Let f = 87 + 7. Is f composite?
True
Let r(b) be the third derivative of -b**4/24 + 2*b**3/3 - 3*b**2. Is r(0) composite?
True
Suppose 77 = 2*r + 2*z - 893, 3*z = 9. Is r a composite number?
True
Suppose 7*u = -2*u + 459. Is u composite?
True
Suppose 0 = 5*w - 6 - 34. Let c = 6 - w. Let d = 1 - c. Is d a prime number?
True
Let r be 1129/4 + (-1)/4. Is r/8*(3 - -1) a prime number?
False
Let r(h) = -h**3 + 3*h**2 + 4. Let b be (12/(-10))/((-8)/20). Is r(b) prime?
False
Let x be ((-2)/(-5))/(1/10). Is 82 - (-5 - x/(-2)) prime?
False
Let k(i) = i**2 + 5*i. Let x = 7 + -12. Let f be k(x). Let t(l) = l**2 + l + 23. Is t(f) prime?
True
Suppose -1 = -2*v + 5, 18 = -3*t + 2*v. Let g = 1 - t. Suppose g*l = 188 - 18. Is l prime?
False
Let j(n) = 2*n + 13. Let x be 9 - (-2 + -1 - -3). Is j(x) prime?
True
Let i be (6/(-4))/(6/(-8)). Suppose 4*o + 5*z - 60 = 17, 2*z + 6 = 0. Suppose 20 = v + c, -i*c + o = v + 2*c. Is v prime?
True
Let t = -126 + 515. Suppose v = 2*l - 6*l + t, 3*v - 89 = -l. Suppose -l - 50 = -4*b. Is b prime?
True
Suppose -2*l + 6*l - 2348 = 0. Is l composite?
False
Let j(u) = 6*u**2 + u + 1. Is j(3) a prime number?
False
Let v(m) = m**3 - 7*m**2 + 6*m + 5. Let o(y) = y**2 - 5*y + 6. Let r be o(5). Let n be v(r). Is (-1 - -2)*445/n a composite number?
False
Suppose 0 = -3*n - f + 42, 4*f = 3*n - 0*f - 42. Is 16/(-56) + 2958/n prime?
True
Suppose -2*y = -4*y + 18. Suppose -v - y = -4*v. Is v a composite number?
False
Suppose -p + 3 = -0*p + 5*z, -3*p + 9 = -z. Suppose 4*q + m - 236 = 0, 73 + 104 = p*q - 5*m. Is q prime?
True
Suppose -8*g - 20 = -4*g. Let h(q) = 18*q**2 + q + 6. Is h(g) prime?
False
Let i = 54 - -12. Suppose 0*u = -2*u + i. Is u composite?
True
Suppose 5*z + 315 = 2*l, -2 = -3*z - 5. Suppose o - l = -4*o. Is o prime?
True
Suppose -2*l = l - 213. Is l a prime number?
True
Suppose 0 = 2*h - h. Let d be (-3)/(1/(20/(-3))). Suppose h = -4*c - d, p + p - 3*c - 29 = 0. Is p composite?
False
Let y = -52 - -80. Let q be (-2 - -1 - -3)/((-2)/(-3)). Suppose -q*p - y = -85. Is p a prime number?
True
Let v be ((-4)/(-6))/((-5)/(-15)). Suppose 3 = -x + 5*j, -2 = -3*x - v*j + 6*j. Suppose x*r = 6*r - 84. Is r a composite number?
True
Let k = 5293 - 974. Is k composite?
True
Is 1039/((-5 - -4)/(-1 + 0)) prime?
True
Suppose -i + 3*o + 20 = 0, i - 3*o - 24 = o. Let z be i/32 - 45/4. Let w = 32 + z. Is w a composite number?
True
Let a = -6 - -8. Suppose -k - 51 = -a*k. Is k prime?
False
Is ((-358)/(-4))/(20/40) composite?
False
Let t(r) be the third derivative of -r**6/120 - r**5/60 + r**4/24 - r**2. Let i be t(-2). Suppose -5*q = 4*n - 320, -i*n = -3*n - 2*q + 77. Is n composite?
True
Suppose 3*o = g + 81, g - 2*g + o = 87. Let p = g + 135. Suppose p = 2*k + k. Is k a composite number?
True
Suppose -d = 5*b - 67, 2*b + 335 = 5*d + 7*b. Suppose q = 2*q - d. Is q prime?
True
Let j(i) = -2*i**2 + 2*i + 2 - i**2 + 2. Let v be j(-6). Let w = v - -205. Is w prime?
True
Suppose 0 = -2*z + 7*z - 15. Let w(l) = 101*l**2 - 11*l**2 + 4 - z. Is w(-1) prime?
False
Suppose -4*h - 6*q + 4*q = 1750, -4*h + 5*q = 1757. Let j = -169 - h. Suppose 3*n + 6 = -3, -5*l + j = 2*n. Is l prime?
False
Let f(z) = z**3 + 9*z**2 + 6*z + 9. Let t be f(-8). Suppose -25 = 4*g - 5*d, g - 3*d - 2*d = -t. Suppose -4*p - 16 = g, l = -3*l - 5*p + 116. Is l composite?
True
Let f = 203 + 194. Let b = f - 270. Is b a prime number?
True
Let p = 7 - 6. Is p/1*201/3 composite?
False
Let y = -3497 - -6768. Is y prime?
True
Let v(z) = z**2 + 1. Let y be v(1). Let c = 11 - 9. Suppose 0 = c*p - 4, f = y*p + p + 61. Is f a prime number?
True
Let o(h) = -4*h**3 + 2*h**2 - 1. Let n = -2 + 1. Let s be o(n). Suppose 0*f + 4 = 2*f - 4*p, 5*f - 20 = s*p. Is f prime?
False
Let a = 2 - 0. Let j(x) = -x**a - 2 - 1 + 0 - 